ed by 4.
1
Let m(h) = -h**2 - 9*h - 7. What is the remainder when (-1 - 4)/((-23)/138) is divided by m(-6)?
8
Let l(p) = p**2 - 5*p + 6. Let g be l(4). Suppose -g*m = -0*m - 40. What is the remainder when 59 is divided by m?
19
Let l(w) be the first derivative of -3/4*w**4 - w**3 - 2*w + 1 - w**2. Calculate the remainder when 26 is divided by l(-2).
12
Suppose 0*q - 5*q - t = -790, 3*q + 5*t - 496 = 0. Let h = -97 + q. Suppose -2*p - 5*w + h = 0, -w - 25 + 9 = -p. What is the remainder when 39 is divided by p?
19
Let l(o) = 5*o**2 + 1. Let j be l(-1). Suppose a - j*a = -5. Let y = a + 9. What is the remainder when 28 is divided by y?
8
Suppose -2*w - 129 = -6*k + k, -3*k + 2*w = -79. What is the remainder when 97 is divided by k?
22
Let r(b) = -b + 8. Let w(g) = g + 147. Let h be w(0). Suppose h = 3*m + 18. Calculate the remainder when m is divided by r(-7).
13
Suppose 0 = 2*o - 4*f - 92, 3*o - 4*o = 3*f - 41. Let v(c) = 4*c**2 + c + 4. Let x be v(-3). Let r = x - 22. What is the remainder when o is divided by r?
14
Suppose -q = -3*q + 58. What is the remainder when q is divided by 16?
13
Suppose -2*g = -6*g + 16. What is the remainder when (-1)/2 - (-705)/30 is divided by g/(-10)*(-19 - 1)?
7
Suppose 6 = -d - 7. Calculate the remainder when 21 is divided by 2/2*(-2 - d).
10
Suppose 0 = -o + 4*k + 17, o + 11 = -3*k - 0. Let r(s) = s - 14. Let u be r(-6). Let b = 22 + u. Calculate the remainder when b is divided by o.
0
Let y(x) = x**3 + 9*x**2 - 12*x + 10. What is the remainder when 57 is divided by y(-10)?
27
Let j(c) = c**3 - 6*c**2 - 8*c + 4. Let i be j(7). Let q(s) = 3*s**2 + 3*s - 1 + s - s**2. Calculate the remainder when 14 is divided by q(i).
4
Suppose -1 - 39 = -2*r. What is the remainder when r is divided by (2/6)/((-9)/(-297))?
9
Calculate the remainder when 19 is divided by (1/(-4))/(6/(-264)).
8
Suppose -5*r - 9 = 2*c, 0*c + c = 5*r + 18. Let z(s) = -4*s + 30*s**2 - 1 - 2*s + s + c*s. What is the remainder when z(-1) is divided by 16?
15
Suppose 13 = -c + 3. Suppose -s + 6*s = 145. Calculate the remainder when s is divided by (4/c)/(1/(-20)).
5
Let q be 3 + 0 + (-2 - 0). Let l(f) = q - 5*f**2 + 6*f**2 + 2*f - 6. What is the remainder when 4 is divided by l(-4)?
1
Suppose -2*x - 58 = -4*x + y, -3*y = -x + 24. What is the remainder when x is divided by 16?
14
Let k(w) = 2*w**2 + w. Let h be k(-2). Suppose 5*v - 5*y - 10 = -3*y, -3*v - 2*y + 6 = 0. Suppose v*r - h = 38. What is the remainder when r is divided by 8?
6
Let f = 7 - -7. Calculate the remainder when 53 is divided by f.
11
Let q = 8 + -5. Suppose 0 = v - q*i - 26, 4*v - 3*i - 60 = v. Calculate the remainder when v is divided by 5.
2
Let x(k) = 2*k**2 - 5*k + 2. What is the remainder when x(3) is divided by 2?
1
Let h(q) = -q**3 - 11*q**2 - 4*q - 27. Let p(f) be the first derivative of -13*f**2 - 3*f + 2. Calculate the remainder when p(-2) is divided by h(-11).
15
Calculate the remainder when 85 is divided by -62*(-3 - 20/(-8)).
23
Let j be ((-3)/(-2))/((-1)/(-2)). Suppose s = j*s - 16. Let z(c) = -2*c - 1. Calculate the remainder when s is divided by z(-2).
2
Let m = -14 - -23. Suppose 0 = 5*h + 5*y - 10, h + h - 2*y - 12 = 0. What is the remainder when m is divided by h?
1
What is the remainder when 5/(5/34) + 3 is divided by 20?
17
Let c(v) = 4*v**2 - 4*v - 1. Let u be 0 - -3 - (-30)/(-5). Calculate the remainder when c(u) is divided by 24.
23
Let x(q) = -q**3 + q**2 + q + 17. Calculate the remainder when 118 is divided by x(0).
16
Suppose -c - c - j - 2 = 0, c = j + 2. Let m = c + 27. What is the remainder when 79 is divided by m?
25
Suppose 272 - 33 = j. Calculate the remainder when j is divided by 16.
15
Let h = 213 + -166. What is the remainder when h is divided by (0 + 3)*-1*-4?
11
Suppose -3*y - w = -57, 3*y - 57 = -3*w - 2*w. Let c(h) = -h**2 + 9*h + 3. What is the remainder when y is divided by c(8)?
8
Let k = -11 - -19. Suppose -2*s - m + 11 = 0, -k*s + 3*s + 21 = -4*m. What is the remainder when 13 is divided by s?
3
Let d(g) = -g**3 + 11*g**2 + 14*g - 13. What is the remainder when d(12) is divided by 6?
5
Suppose -5*u = -9*u + 256. What is the remainder when u is divided by 11?
9
Let d = -3 - -18. Calculate the remainder when 43 is divided by d.
13
Let o = 3 + 10. What is the remainder when 38 is divided by o?
12
Suppose 58 = -2*c + 4*n, 4*c + 3*n = 2*c - 79. Suppose 6*k - 379 + 31 = 0. Let w = c + k. Calculate the remainder when w is divided by 12.
11
Suppose -4*a - 3*s = -s - 58, 4*s = 4*a - 52. Let k be (-4)/3*(-45)/6. Let j = 15 - k. Calculate the remainder when a is divided by j.
4
Let p(o) = -8*o - 2. Let y be p(2). Let m = -12 + 22. What is the remainder when m is divided by (-8 - -1)*y/21?
4
Let s(l) = 4*l**3 + l - 1. Let j be s(1). Suppose -4 + 24 = j*x. Calculate the remainder when 14 is divided by x.
4
Suppose 0 = -u + 2*u + k - 57, 3*u - 5*k = 139. Calculate the remainder when 210 is divided by u.
51
Let r(l) = -l + 6. Let c(p) = 3*p - 5. Let z be c(-5). Let y(i) = 1. Let x(w) = z*y(w) + 4*r(w). What is the remainder when x(-3) is divided by 6?
4
Let w = 69 + -26. Suppose o + 4*b = -2*o + 22, 4*o - b - 4 = 0. Suppose o*x = -5 + 27. What is the remainder when w is divided by x?
10
Let a(z) = -z**2 + 22*z + 30. Calculate the remainder when 177 is divided by a(22).
27
Suppose 2*t = t + 3. Calculate the remainder when 5/2*16/4 is divided by t.
1
Let s = -63 - -88. Let k = s + -10. Let x(v) = 2*v**2 + 2*v + 4. Calculate the remainder when x(-4) is divided by k.
13
Calculate the remainder when 204/17 + 1*3 is divided by 9.
6
Suppose 15 = 4*s - m - 3, 5*s + 5*m - 35 = 0. What is the remainder when 13 is divided by s?
3
Let c = 2 + 0. Suppose -2 = x + v + 3*v, c*v + 8 = 3*x. Suppose -2*y - 5*a + 36 = 0, 5*y - x*a = 3*y + 50. Calculate the remainder when 45 is divided by y.
22
Let x = -9 + 42. What is the remainder when x is divided by 12?
9
Let b = 24 - 9. Calculate the remainder when b is divided by 4.
3
Calculate the remainder when 1/(1*((-88)/92 - -1)) is divided by 6.
5
Let j = 21 - 9. Suppose 5*k = i - 3*i + 6, -4*i = 3*k - j. Suppose k = -5*v + 4*t + t + 50, -v - t + 10 = 0. Calculate the remainder when v is divided by 6.
4
Let h = -52 + 66. What is the remainder when 97 is divided by h?
13
Suppose k + 12 = 4*k. Let v(z) = -3 + 3*z + 0*z**2 + 2*z**2 - k. What is the remainder when v(5) is divided by 20?
18
Suppose 2 - 42 = 5*r. Let o = r + 5. Let x(l) = 4*l**2 + l - 4. Calculate the remainder when x(o) is divided by 15.
14
Let c = -13 + 31. Suppose -5*w - 2*f = c, w - 8 = 3*w + f. What is the remainder when 8 is divided by w - 6/(-3) - -3?
2
What is the remainder when (-318)/(-5) + 6/15 is divided by 17?
13
Suppose 3*z + 5*s = 135, -3*s = -8*s. Calculate the remainder when z is divided by 23.
22
Let k = 622 - 609. What is the remainder when (2/1)/((-2)/(-36)) is divided by k?
10
Let n = -78 - -103. What is the remainder when 95 is divided by n?
20
Let h(q) = -7*q**3 + 3*q**2 + 9*q - 3. Let a(c) = -3*c**3 + c**2 + 4*c - 2. Let w(r) = 5*a(r) - 2*h(r). What is the remainder when w(-3) is divided by 5?
3
Let s = -78 - -114. Suppose -g - 4*g + 65 = 0. What is the remainder when s is divided by g?
10
Suppose b = -4*b + 25, -216 = -3*s + 3*b. Calculate the remainder when s is divided by 26.
25
Let m = 2 + 1. Suppose -m*u - 7 = -37. What is the remainder when u is divided by ((-16)/24)/(1/(-9))?
4
Suppose -g + 5*q = -1, 0*g = 2*g + 3*q + 11. Let t(h) = 13*h - 1. Let x be t(g). Let u = -18 - x. Calculate the remainder when u is divided by 12.
11
Suppose -9*g + 7*g = -8. What is the remainder when 6 is divided by g?
2
Let l(z) = -z + 5. Let h(b) = b. Let f be h(2). Suppose -2*a + 1 = 3*k, 3*k = -k + f*a + 20. Calculate the remainder when k is divided by l(3).
1
Suppose -2*p = -6*y + 4*y - 8, -24 = -p - 4*y. What is the remainder when (-9*1)/((-4)/p) is divided by 10?
8
Suppose 3*u - 5*b = -0*u - 8, u + 3*b = 16. Suppose -h = -u*h + 3. Calculate the remainder when 3 is divided by h.
0
Suppose -16 = -4*f - 4. Suppose -2*a - 2*n + 46 = 0, -4*n = f*a - 8 - 66. What is the remainder when 34 is divided by a?
16
Let u(v) = v**3 - 5*v**2 + 2*v + 1. Let k be u(3). Let w(f) = f**2 + 11*f + 13. Calculate the remainder when w(k) is divided by 5.
3
Let m = 166 + -159